 = 0. Let q(g) = 100*g - 1. Let s be q(1). Suppose 17*f - s = 16*f. Calculate the highest common divisor of f and p.
11
Suppose -5*b + 17 = -33. Let a(c) = -139*c - 953. Let m be a(-7). Calculate the highest common factor of m and b.
10
Let p be (0 - (-2)/(-4))/(29/(-290)). Calculate the greatest common factor of 65 and p.
5
Suppose -2*x + 5 = 1. Let p be (-5)/15*((x - 4) + -7). What is the highest common factor of p and 3?
3
Let f(o) be the third derivative of o**5/60 + o**4/4 + o**3/2 - 83*o**2. Suppose -40 = 4*w - 16. Let i be f(w). What is the greatest common divisor of 9 and i?
3
Let q = -34 - -45. Suppose 6*o + 100 = q*o. Suppose -2*p - 6 = -2*w + 104, 4*p = -5*w + 230. What is the highest common divisor of w and o?
10
Suppose -24*v = -14*v - 300. Calculate the greatest common factor of v and 80.
10
Let g(o) = o + 3. Let l be g(0). Suppose 3 = l*a + 9, 8 = n + a. Let v(t) = 14*t**2 + 1. Let j be v(1). What is the greatest common divisor of j and n?
5
Let h(r) = -25*r - 296. Let s be h(-12). Calculate the highest common factor of s and 18.
2
Let l(h) = -6 - 2*h + 7*h**2 + 22*h**2 + 2 - 3*h. Let q be l(-1). Let y be (-7)/(-42) - 449/(-6). What is the greatest common factor of q and y?
15
Suppose 0 = 3*u - 3, -5*u - 482 = 4*o - 1343. Suppose -o = -4*t + 66. Calculate the greatest common factor of 14 and t.
14
Suppose -c - 96 = -2*c. Suppose 21*b - h = 23*b - 25, 2*b - 2*h - 22 = 0. Calculate the greatest common factor of c and b.
12
Suppose 391 = -21*a - 2*a. Let h be -82*2/(-4)*-1. Let z = a - h. Calculate the highest common factor of z and 6.
6
Let t be (-992)/(-40)*5/2. Let s = t - 34. Let w(p) = -35*p. Let q be w(-2). What is the highest common factor of s and q?
14
Suppose 0 = -x + 4*x + 12. Let j(y) = y**3 + 11*y**2 + 7*y + 4. Let f be j(x). Calculate the greatest common divisor of 132 and f.
44
Suppose -649 = -4*w - 49. What is the highest common divisor of 6 and w?
6
Let o = 154 - 108. Suppose -3*u + 8*u - o = -2*f, -3*u + 3*f + 36 = 0. Calculate the greatest common factor of u and 160.
10
Suppose 6*d = 724 + 86. Suppose -j = -4*a - 26 - 171, 3*a + 154 = 2*j. Let n = 102 + a. What is the highest common factor of n and d?
27
Suppose -14 - 9 = -3*c - 2*z, 3*c = -z + 22. Calculate the greatest common divisor of 938 and c.
7
Suppose 0 = 4*w - 20, t + 3*w = 6*w - 57. Let k be 27*((-46)/t - 6/14). What is the highest common factor of 54 and k?
18
Suppose 0*i + 5*i + 10 = 0. Let r be i/(-4)*(-1 - -5). Suppose -3*k + 19 = -w + 21, -w = 2*k - 7. What is the greatest common divisor of k and r?
1
Let t = -149 - -155. What is the greatest common divisor of 138 and t?
6
Suppose -184*c + 176*c = -224. What is the highest common divisor of c and 1834?
14
Suppose 2*h - 196 - 68 = 0. Calculate the highest common factor of h and 352.
44
Let m(l) = 2*l**2 + 5*l + 4. Let q be m(-6). What is the highest common divisor of q and 161?
23
Suppose 9*s - 4*s - 10 = 0. Let z(m) = 4*m - 120. Let i be z(26). Let d be (i/40)/(s/(-50)). Calculate the greatest common factor of 10 and d.
10
Let l(c) = 26*c**2 + 48*c - 4. Let q be l(-5). What is the greatest common factor of q and 14?
14
Suppose -471 - 537 = -12*l. Calculate the highest common divisor of 231 and l.
21
Let q(w) = -w**2 - 21*w + 1. Suppose 3*p + 3*b = -39, 0 = -2*b + 1 + 5. Let l be q(p). Calculate the highest common factor of l and 9.
9
Let w(u) = -4*u**2 - 43*u + 206. Let i be w(-11). Let n(q) = -4*q - 9. Let h be n(-6). What is the highest common factor of h and i?
15
Let r(g) = 17*g - 62. Let z be r(7). Suppose 4*d - 58 - 22 = i, -3*d + 65 = -2*i. What is the highest common factor of d and z?
19
Let p(b) = -b**3 - 2*b**2 + 9*b + 6. Let v be p(-4). Suppose v*c = 7 + 47. What is the highest common factor of c and 3?
3
Let q = 627 - 592. Calculate the highest common divisor of 40 and q.
5
Let x = 909 + -846. Calculate the greatest common divisor of 28 and x.
7
Let o(p) = -387*p + 377*p + 8 - p**2 - 28. Let l be o(-5). What is the highest common divisor of 15 and l?
5
Suppose u = 3*x + 3, u - 9 = -0*x - 3*x. Suppose t + 3*y = -4*t - 531, -4*y + 412 = -4*t. Let v = -101 - t. Calculate the greatest common divisor of u and v.
2
Let a = 69 - -386. What is the highest common factor of a and 35?
35
Suppose -5*r + 65 = -2*r - h, 61 = 3*r - 2*h. Let p = 29 - 6. Calculate the greatest common divisor of r and p.
23
Let i = 1273 - 1165. Calculate the greatest common divisor of i and 189.
27
Let j(u) = -11*u + 170. Let k be j(10). Calculate the highest common factor of 870 and k.
30
Let k(u) = -16*u + 156. Let m be k(-15). Calculate the greatest common factor of 12 and m.
12
Let w(l) = l - 2. Let h be w(4). Suppose h*c - 15 = 15. Suppose 5 = 2*i - c. Calculate the highest common divisor of 90 and i.
10
Let g(k) = -k**2 - k - 1. Let b(o) = o**2 + 18*o - 61. Let l(w) = -b(w) - 2*g(w). Let x be l(14). Calculate the highest common factor of 5 and x.
5
Let j(p) = p**3 + 4*p**2 - 4*p. Let t be j(-5). Let f be (-5 - 20/t) + 19. Let h = 2 + 4. Calculate the highest common divisor of f and h.
6
Let p = -5 - -16. Let z = -7 + p. Suppose -4*f + z*n + 72 = 5*n, -5*f + n = -90. Calculate the greatest common divisor of 2 and f.
2
Let f(o) = 3*o + 101. Let k be f(-15). Calculate the greatest common divisor of k and 24.
8
Let l be 0 + -11 - (-2)/(-5)*-5. Let j(d) = d**3 + 10*d**2 + 7*d - 1. Let v be j(l). What is the highest common factor of 34 and v?
17
Suppose 5*w - 410 = 5*q, 12*w - 8*w + 2*q - 328 = 0. What is the highest common divisor of w and 2?
2
Let l = 37 + 78. Suppose 3*x - w = 2*x + 67, 0 = 3*x - 2*w - 201. Suppose 26 = 2*z - 3*u - 35, -5*u + x = 4*z. Calculate the greatest common divisor of l and z.
23
Let y(l) = -l**3 - 7*l**2 - 13*l - 5. Let x be y(-2). What is the highest common divisor of 11 and x?
1
Let v = 52 + -56. Let n be 5 - (-2 - (3 - v)). Calculate the highest common divisor of n and 42.
14
Let u(a) = -a**2 - 11*a + 58. Let q be u(-13). Let v be (-452)/(-14) - (-2 - 80/(-35)). Calculate the greatest common divisor of v and q.
32
Let f = 1 + 1. Suppose f*j = j + 75. Suppose 0 = 3*w - 2*t - 49 - 21, 0 = -4*w - t + j. What is the highest common factor of 220 and w?
20
Suppose -27*k - 12*k = -1092. What is the highest common factor of k and 126?
14
Suppose 57 + 39 = 6*k. Let z = k - 8. Calculate the greatest common divisor of 8 and z.
8
Let v be (-2 - (-2)/1) + 13. Let i = 29 - 27. Suppose 5*c = -i*q + 41, q + 2 = 5*c - 0*c. Calculate the highest common factor of q and v.
13
Let y be 615/25 - ((-66)/15 - -4). What is the highest common factor of y and 1075?
25
Let a be ((-235)/(-180)*9)/(2/16). Calculate the highest common divisor of 517 and a.
47
Let y(h) = h**3 - 6*h + 2*h**3 + 4*h**2 + h**3 + 2 - 3*h**3. Let u be y(-4). What is the highest common divisor of 13 and u?
13
Suppose 53 = 2*p + 5*a, a - 19 = -2*p + p. Suppose 3*v + p = 5*y - 0*y, -4*y = -v - 7. Calculate the highest common factor of 9 and y.
1
Let f(t) be the second derivative of 2*t**3 - 5*t**2/2 - 9*t. Let z be f(2). What is the greatest common factor of z and 19?
19
Suppose 3*v - 45 = -2*v. Let j(f) = 8 - 3*f + 6*f + f**2 - 3*f. Let q be j(8). What is the greatest common factor of q and v?
9
Suppose 0 = 3*x + 2*l - 15, -6*l + 21 = 2*x - l. Suppose 5*i = 43 + 2. Calculate the highest common factor of x and i.
3
Suppose -4*i - 960 = -4*s, 0*s - 4*i = -5*s + 1203. Let r be (-2)/4 + 55/2. What is the greatest common factor of s and r?
27
Let p = 16 + -6. Suppose -17*a + 20*a - 330 = 0. What is the highest common divisor of a and p?
10
Let g be 2/(-4)*276/(-23) - -66. What is the highest common factor of 552 and g?
24
Let f be (-2)/7 - (2 + (-648)/14). Suppose -2*i + k - 5 + f = 0, i - k = 21. What is the highest common factor of 126 and i?
18
Let k be 180/28 - (-6)/(-14). Suppose k*y + 9*y - 840 = 0. What is the greatest common divisor of y and 392?
56
Suppose -2 = 2*s - 3*s. Suppose -4*h = s*w + 830, h + 0*w - 2*w + 200 = 0. Let z = -94 - h. What is the highest common factor of 14 and z?
14
Let d be 4 + 7/(7/33). Suppose 4*k = -3*a - k + 52, -3*a - 2*k + d = 0. What is the greatest common factor of a and 36?
9
Let t be 1 - (2 + 0 - 33). Let c = 283 - 202. Suppose 0 = -2*v + c - 17. What is the highest common factor of v and t?
32
Suppose 0 